{"id":37,"date":"2018-03-11T19:59:22","date_gmt":"2018-03-11T18:59:22","guid":{"rendered":"http:\/\/alliancefrancaise-haiti.org\/cap-haitien\/?page_id=37"},"modified":"2022-12-23T20:51:21","modified_gmt":"2022-12-23T19:51:21","slug":"mediatheque","status":"publish","type":"page","link":"https:\/\/www.alliancefrancaise-haiti.org\/jacmel\/mediatheque\/","title":{"rendered":"M\u00e9diath\u00e8que"},"content":{"rendered":"<p>[et_pb_section fb_built=\u00a0\u00bb1&Prime; _builder_version=\u00a0\u00bb3.0.101&Prime; custom_padding=\u00a0\u00bb10px|||\u00a0\u00bb][et_pb_row custom_padding=\u00a0\u00bb||0px|\u00a0\u00bb _builder_version=\u00a0\u00bb3.0.101&Prime;][et_pb_column type=\u00a0\u00bb4_4&Prime; _builder_version=\u00a0\u00bb3.0.47&Prime; parallax=\u00a0\u00bboff\u00a0\u00bb parallax_method=\u00a0\u00bbon\u00a0\u00bb][et_pb_text _builder_version=\u00a0\u00bb3.0.101&Prime; text_font=\u00a0\u00bbEconomica|700||on|||||\u00a0\u00bb text_text_color=\u00a0\u00bb#d80000&Prime; text_font_size=\u00a0\u00bb50px\u00a0\u00bb]M\u00c9DIATH\u00c8QUE<br \/>\n[\/et_pb_text][et_pb_text _builder_version=\u00a0\u00bb3.0.101&Prime; text_font=\u00a0\u00bbOpen Sans|700|||||||\u00a0\u00bb text_text_color=\u00a0\u00bb#d80000&Prime; text_font_size=\u00a0\u00bb15px\u00a0\u00bb custom_padding=\u00a0\u00bb10px||0px|\u00a0\u00bb]<a href=\"#UneBibliothequeNumeriqueDeQualite\">Une bilioth\u00e8que num\u00e9rique de qualit\u00e9<\/a> | <a href=\"#LaPlateformeCulturetheque\">La plateforme Cultureth\u00e8que<\/a> | <a href=\"#CommentAdhererEtEmprunter\">Comment adh\u00e9rer et emprunter<\/a> |<a href=\"#PourPlusDinformations\">Pour plus d&rsquo;informations<\/a><br \/>\n[\/et_pb_text][\/et_pb_column][\/et_pb_row][et_pb_row custom_padding=\u00a0\u00bb5px||0px|\u00a0\u00bb _builder_version=\u00a0\u00bb3.0.101&Prime;][et_pb_column type=\u00a0\u00bb4_4&Prime; _builder_version=\u00a0\u00bb3.0.47&Prime; parallax=\u00a0\u00bboff\u00a0\u00bb parallax_method=\u00a0\u00bbon\u00a0\u00bb][et_pb_image src=\u00a0\u00bbhttp:\/\/alliancefrancaise-haiti.org\/cap-haitien\/wp-content\/uploads\/2018\/03\/M\u00e9diath\u00e8que_Cover-2000&#215;693.jpg\u00a0\u00bb align=\u00a0\u00bbcenter\u00a0\u00bb _builder_version=\u00a0\u00bb3.0.101&Prime; border_width_all=\u00a0\u00bb1px\u00a0\u00bb border_color_all=\u00a0\u00bb#cccccc\u00a0\u00bb animation_style=\u00a0\u00bbzoom\u00a0\u00bb animation_duration=\u00a0\u00bb700ms\u00a0\u00bb][\/et_pb_image][\/et_pb_column][\/et_pb_row][et_pb_row custom_padding=\u00a0\u00bb20px|||\u00a0\u00bb _builder_version=\u00a0\u00bb3.0.101&Prime;][et_pb_column type=\u00a0\u00bb4_4&Prime; _builder_version=\u00a0\u00bb3.0.47&Prime; parallax=\u00a0\u00bboff\u00a0\u00bb parallax_method=\u00a0\u00bbon\u00a0\u00bb][et_pb_text _builder_version=\u00a0\u00bb3.0.106&Prime; text_text_color=\u00a0\u00bb#d80000&Prime; custom_margin=\u00a0\u00bb||0px|\u00a0\u00bb custom_padding=\u00a0\u00bb||3px|\u00a0\u00bb custom_css_main_element=\u00a0\u00bbfont-family: Helvetica Neue, Helvetica, Arial, sans-serif; font-size: 28px; font-style: normal;font-variant: normal; font-weight: 700; color: #ff0000&Prime;]<a id=\"UneBibliothequeNumeriqueDeQualite\"><\/a>Une biblioth\u00e8que num\u00e9rique de qualit\u00e9<br \/>\n[\/et_pb_text][et_pb_text _builder_version=\u00a0\u00bb3.0.106&Prime; text_font=\u00a0\u00bbOpen Sans||||||||\u00a0\u00bb text_font_size=\u00a0\u00bb18px\u00a0\u00bb text_orientation=\u00a0\u00bbjustified\u00a0\u00bb custom_margin=\u00a0\u00bb0px|||\u00a0\u00bb custom_padding=\u00a0\u00bb2px|||\u00a0\u00bb]<\/p>\n<div>L\u2019Alliance Fran\u00e7aise de Jacmel dispose maintenant d\u2019une m\u00e9diath\u00e8que connect\u00e9e qui comprend un fonds ha\u00eftien, un espace jeunesse, une biblioth\u00e8que de l\u2019apprenant, des romans policiers, des romans divers, un espace francophone, une biblioth\u00e8que p\u00e9dagogique et enfin une petite biblioth\u00e8que universitaire.<\/div>\n<p>Au total, 3000 livres sont \u00e0 votre disposition : romans en fran\u00e7ais, en cr\u00e9ole ; litt\u00e9ratures diverses \u00e0 emprunter ou \u00e0 consulter sur place. Des tablettes et 2 ordinateurs sont \u00e9galement en libre-acc\u00e8s. Sous r\u00e9serve d\u2019\u00eatre abonn\u00e9, l\u2019inscription \u00e0 la plateforme <a href=\"http:\/\/www.culturetheque.com\/EXPLOITATION\/HTI\">Cultureth\u00e8que<\/a> est gratuite.<br \/>\n[\/et_pb_text][\/et_pb_column][\/et_pb_row][et_pb_row custom_padding=\u00a0\u00bb10px||5px|\u00a0\u00bb _builder_version=\u00a0\u00bb3.0.101&Prime;][et_pb_column type=\u00a0\u00bb1_3&Prime; _builder_version=\u00a0\u00bb3.0.47&Prime; parallax=\u00a0\u00bboff\u00a0\u00bb parallax_method=\u00a0\u00bbon\u00a0\u00bb][et_pb_image src=\u00a0\u00bbhttp:\/\/alliancefrancaise-haiti.org\/cap-haitien\/wp-content\/uploads\/2018\/03\/2-400&#215;250.jpg\u00a0\u00bb _builder_version=\u00a0\u00bb3.0.101&Prime; border_width_all=\u00a0\u00bb1px\u00a0\u00bb border_color_all=\u00a0\u00bb#cccccc\u00a0\u00bb][\/et_pb_image][\/et_pb_column][et_pb_column type=\u00a0\u00bb1_3&Prime; _builder_version=\u00a0\u00bb3.0.47&Prime; parallax=\u00a0\u00bboff\u00a0\u00bb parallax_method=\u00a0\u00bbon\u00a0\u00bb][et_pb_image src=\u00a0\u00bbhttp:\/\/alliancefrancaise-haiti.org\/cap-haitien\/wp-content\/uploads\/2018\/03\/6-400&#215;250.jpg\u00a0\u00bb _builder_version=\u00a0\u00bb3.0.101&Prime; border_width_all=\u00a0\u00bb1px\u00a0\u00bb border_color_all=\u00a0\u00bb#cccccc\u00a0\u00bb][\/et_pb_image][\/et_pb_column][et_pb_column type=\u00a0\u00bb1_3&Prime; _builder_version=\u00a0\u00bb3.0.47&Prime; parallax=\u00a0\u00bboff\u00a0\u00bb parallax_method=\u00a0\u00bbon\u00a0\u00bb][et_pb_image src=\u00a0\u00bbhttp:\/\/alliancefrancaise-haiti.org\/cap-haitien\/wp-content\/uploads\/2018\/03\/7-400&#215;250.jpg\u00a0\u00bb _builder_version=\u00a0\u00bb3.0.101&Prime; border_width_all=\u00a0\u00bb1px\u00a0\u00bb border_color_all=\u00a0\u00bb#cccccc\u00a0\u00bb][\/et_pb_image][\/et_pb_column][\/et_pb_row][et_pb_row custom_padding=\u00a0\u00bb20px||5px|\u00a0\u00bb _builder_version=\u00a0\u00bb3.0.101&Prime;][et_pb_column type=\u00a0\u00bb4_4&Prime; _builder_version=\u00a0\u00bb3.0.47&Prime; parallax=\u00a0\u00bboff\u00a0\u00bb parallax_method=\u00a0\u00bbon\u00a0\u00bb][et_pb_text _builder_version=\u00a0\u00bb3.0.101&Prime; text_text_color=\u00a0\u00bb#d80000&Prime; custom_margin=\u00a0\u00bb||0px|\u00a0\u00bb custom_padding=\u00a0\u00bb||3px|\u00a0\u00bb custom_css_main_element=\u00a0\u00bbfont-family: Helvetica Neue, Helvetica, Arial, sans-serif; font-size: 28px; font-style: normal;font-variant: normal; font-weight: 700; color: #ff0000&Prime;]<a id=\"LaPlateformeCulturetheque\"><\/a>La plateforme Cultureth\u00e8que<br \/>\n[\/et_pb_text][et_pb_text _builder_version=\u00a0\u00bb3.0.101&Prime; text_font=\u00a0\u00bbOpen Sans||||||||\u00a0\u00bb text_font_size=\u00a0\u00bb18px\u00a0\u00bb text_orientation=\u00a0\u00bbjustified\u00a0\u00bb custom_margin=\u00a0\u00bb0px|||\u00a0\u00bb custom_padding=\u00a0\u00bb2px|||\u00a0\u00bb]<\/p>\n<p>Cultureth\u00e8que est la biblioth\u00e8que num\u00e9rique du r\u00e9seau culturel fran\u00e7ais \u00e0 l\u2019\u00e9tranger. La gratuit\u00e9 de son acc\u00e8s est exclusivement r\u00e9serv\u00e9e aux adh\u00e9rents des m\u00e9diath\u00e8ques de l\u2019Institut fran\u00e7ais et des Alliances fran\u00e7aises. Pour les utilisateurs, cette plateforme comprend plusieurs fonctionnalit\u00e9s : lire des romans\/des bandes-dessin\u00e9s\/des magazines\/de la presse \u00e9trang\u00e8re sur son mobile et les emprunter pour deux semaines; \u00e9couter des albums de musique, des livres audios ; visionner des concerts\/des documentaires\/ des dessins anim\u00e9s ; jouer \u00e0 des jeux vid\u00e9o ; apprendre des langues\/l\u2019informatique\/la musique ; suivre des formations professionnelles\u2026<\/p>\n<p>[\/et_pb_text][\/et_pb_column][\/et_pb_row][et_pb_row custom_padding=\u00a0\u00bb||0px|\u00a0\u00bb _builder_version=\u00a0\u00bb3.0.101&Prime;][et_pb_column type=\u00a0\u00bb4_4&Prime; _builder_version=\u00a0\u00bb3.0.47&Prime; parallax=\u00a0\u00bboff\u00a0\u00bb parallax_method=\u00a0\u00bbon\u00a0\u00bb][et_pb_video src=\u00a0\u00bbhttps:\/\/youtu.be\/5C5RykDocK0&Prime; _builder_version=\u00a0\u00bb3.0.101&Prime;][\/et_pb_video][\/et_pb_column][\/et_pb_row][et_pb_row custom_padding=\u00a0\u00bb20px||15px|\u00a0\u00bb _builder_version=\u00a0\u00bb3.0.101&Prime;][et_pb_column type=\u00a0\u00bb4_4&Prime; _builder_version=\u00a0\u00bb3.0.47&Prime; parallax=\u00a0\u00bboff\u00a0\u00bb parallax_method=\u00a0\u00bbon\u00a0\u00bb][et_pb_text _builder_version=\u00a0\u00bb3.0.106&Prime; text_text_color=\u00a0\u00bb#d80000&Prime; custom_margin=\u00a0\u00bb||0px|\u00a0\u00bb custom_padding=\u00a0\u00bb||3px|\u00a0\u00bb custom_css_main_element=\u00a0\u00bbfont-family: Helvetica Neue, Helvetica, Arial, sans-serif; font-size: 28px; font-style: normal;font-variant: normal; font-weight: 700; color: #ff0000&Prime;]<a id=\"CommentAdhererEtEmprunter\"><\/a>Comment adh\u00e9rer et emprunter?<br \/>\n[\/et_pb_text][et_pb_text _builder_version=\u00a0\u00bb3.0.106&Prime; text_font=\u00a0\u00bbOpen Sans||||||||\u00a0\u00bb text_font_size=\u00a0\u00bb18px\u00a0\u00bb text_orientation=\u00a0\u00bbjustified\u00a0\u00bb custom_margin=\u00a0\u00bb0px|||\u00a0\u00bb custom_padding=\u00a0\u00bb2px|||\u00a0\u00bb]<\/p>\n<div>L\u2019inscription \u00e0 la m\u00e9diath\u00e8que est valable pour une ann\u00e9e. Elle est gratuite et automatique pour les \u00e9tudiants de l\u2019Alliance et de 500 HTG pour les adultes et 250 HTG pour les enfants. Chaque adh\u00e9rent peut emprunter 3 ouvrages au maximum pour une dur\u00e9e de 15 jours. Une prolongation de 15 jours suppl\u00e9mentaires est possible, sur demande pr\u00e9alable.<\/div>\n<div><\/div>\n<div><strong>La m\u00e9diath\u00e8que est ouverte du mardi au samedi de 9h00 \u00e0 15h00 sans interruption !<\/strong><\/div>\n<p>[\/et_pb_text][\/et_pb_column][\/et_pb_row][et_pb_row custom_padding=\u00a0\u00bb20px||15px|\u00a0\u00bb _builder_version=\u00a0\u00bb3.0.101&Prime;][et_pb_column type=\u00a0\u00bb4_4&Prime; _builder_version=\u00a0\u00bb3.0.47&Prime; parallax=\u00a0\u00bboff\u00a0\u00bb parallax_method=\u00a0\u00bbon\u00a0\u00bb][et_pb_text _builder_version=\u00a0\u00bb3.0.101&Prime; text_text_color=\u00a0\u00bb#d80000&Prime; custom_margin=\u00a0\u00bb||0px|\u00a0\u00bb custom_padding=\u00a0\u00bb||3px|\u00a0\u00bb custom_css_main_element=\u00a0\u00bbfont-family: Helvetica Neue, Helvetica, Arial, sans-serif; font-size: 28px; font-style: normal;font-variant: normal; font-weight: 700; color: #ff0000&Prime;]<a id=\"PourPlusDinformations\"><\/a>Pour plus d&rsquo;informations<br \/>\n[\/et_pb_text][et_pb_text _builder_version=\u00a0\u00bb3.0.106&Prime; text_font=\u00a0\u00bbOpen Sans||||||||\u00a0\u00bb text_font_size=\u00a0\u00bb18px\u00a0\u00bb text_orientation=\u00a0\u00bbjustified\u00a0\u00bb custom_margin=\u00a0\u00bb0px|||\u00a0\u00bb custom_padding=\u00a0\u00bb2px|||\u00a0\u00bb]Rejoignez nous \u00e0 la m\u00e9diath\u00e8que de l\u2019Alliance Fran\u00e7aise de Jacmel ou contactez notre m\u00e9diath\u00e9caire \u00e0 l\u2019adresse suivante : <a href=\"mailto:mediatheque.jacmel@alliancefrancaise-haiti.org\">mediatheque.jacmel@alliancefrancaise-haiti.org<\/a><br \/>\n[\/et_pb_text][\/et_pb_column][\/et_pb_row][et_pb_row custom_padding=\u00a0\u00bb0px|||\u00a0\u00bb _builder_version=\u00a0\u00bb3.0.101&Prime;][et_pb_column type=\u00a0\u00bb4_4&Prime; _builder_version=\u00a0\u00bb3.0.47&Prime; parallax=\u00a0\u00bboff\u00a0\u00bb parallax_method=\u00a0\u00bbon\u00a0\u00bb][et_pb_image src=\u00a0\u00bbhttp:\/\/alliancefrancaise-haiti.org\/cap-haitien\/wp-content\/uploads\/2018\/03\/M\u00e9diath\u00e8que-2000&#215;693.jpg\u00a0\u00bb align=\u00a0\u00bbcenter\u00a0\u00bb _builder_version=\u00a0\u00bb3.0.101&Prime; border_width_all=\u00a0\u00bb1px\u00a0\u00bb border_color_all=\u00a0\u00bb#cccccc\u00a0\u00bb][\/et_pb_image][\/et_pb_column][\/et_pb_row][\/et_pb_section][et_pb_section fb_built=\u00a0\u00bb1&Prime; _builder_version=\u00a0\u00bb3.0.101&Prime; background_color=\u00a0\u00bb#3c3d41&Prime; custom_padding=\u00a0\u00bb0px||0px|\u00a0\u00bb transparent_background=\u00a0\u00bboff\u00a0\u00bb padding_mobile=\u00a0\u00bbon\u00a0\u00bb][et_pb_row use_custom_gutter=\u00a0\u00bbon\u00a0\u00bb gutter_width=\u00a0\u00bb1&Prime; custom_padding=\u00a0\u00bb25px||25px|\u00a0\u00bb make_equal=\u00a0\u00bbon\u00a0\u00bb column_padding_mobile=\u00a0\u00bbon\u00a0\u00bb parallax_method_1=\u00a0\u00bboff\u00a0\u00bb parallax_method_2=\u00a0\u00bboff\u00a0\u00bb parallax_method_3=\u00a0\u00bboff\u00a0\u00bb admin_label=\u00a0\u00bbRow\u00a0\u00bb _builder_version=\u00a0\u00bb3.0.101&Prime;][et_pb_column type=\u00a0\u00bb1_4&Prime; _builder_version=\u00a0\u00bb3.0.47&Prime; column_padding_mobile=\u00a0\u00bbon\u00a0\u00bb parallax=\u00a0\u00bboff\u00a0\u00bb parallax_method=\u00a0\u00bboff\u00a0\u00bb][et_pb_text admin_label=\u00a0\u00bbText\u00a0\u00bb _builder_version=\u00a0\u00bb3.0.101&Prime; text_font=\u00a0\u00bbSource Sans Pro|on|||\u00a0\u00bb text_text_color=\u00a0\u00bb#666666&Prime; text_font_size=\u00a0\u00bb18&Prime; text_line_height=\u00a0\u00bb1.4em\u00a0\u00bb custom_margin=\u00a0\u00bb||8px|\u00a0\u00bb use_border_color=\u00a0\u00bboff\u00a0\u00bb border_color=\u00a0\u00bb#ffffff\u00a0\u00bb border_style=\u00a0\u00bbsolid\u00a0\u00bb]<a style=\"color: #666666;\" href=\"http:\/\/alliancefrancaise-haiti.org\/caphaitien\/qui-sommes-nous\/\">QUI SOMMES-NOUS ?<\/a><br \/>\n[\/et_pb_text][et_pb_text admin_label=\u00a0\u00bbText\u00a0\u00bb _builder_version=\u00a0\u00bb3.0.106&Prime; text_font=\u00a0\u00bbSource Sans Pro||||\u00a0\u00bb text_text_color=\u00a0\u00bb#ffffff\u00a0\u00bb text_font_size=\u00a0\u00bb16&Prime; text_line_height=\u00a0\u00bb2.2em\u00a0\u00bb custom_padding=\u00a0\u00bb0px|||\u00a0\u00bb use_border_color=\u00a0\u00bboff\u00a0\u00bb]<span style=\"color: #ffffff;\"><a style=\"color: #ffffff;\" href=\"https:\/\/www.alliancefrancaise-haiti.org\/jacmel2\/\">Alliance Fran\u00e7aise de Jacmel<\/a><\/span><br \/>\n<span style=\"color: #ffffff;\"><a style=\"color: #ffffff;\" href=\"https:\/\/www.alliancefrancaise-haiti.org\/jacmel2\/notre-equipe\/\">Notre \u00e9quipe<\/a><\/span><br \/>\n<span style=\"color: #ffffff;\"><a style=\"color: #ffffff;\" href=\"https:\/\/www.alliancefrancaise-haiti.org\/jacmel2\/alliances-francaises-dans-le-monde\/\">Alliances Fran\u00e7aises dans le monde<\/a><\/span><br \/>\n<span style=\"color: #ffffff;\"><a style=\"color: #ffffff;\" href=\"https:\/\/www.alliancefrancaise-haiti.org\/jacmel2\/contact\/\">Nous contacter<\/a><\/span><br \/>\n[\/et_pb_text][\/et_pb_column][et_pb_column type=\u00a0\u00bb1_4&Prime; _builder_version=\u00a0\u00bb3.0.47&Prime; column_padding_mobile=\u00a0\u00bbon\u00a0\u00bb parallax=\u00a0\u00bboff\u00a0\u00bb parallax_method=\u00a0\u00bboff\u00a0\u00bb][et_pb_text admin_label=\u00a0\u00bbText\u00a0\u00bb _builder_version=\u00a0\u00bb3.0.106&Prime; text_font=\u00a0\u00bbSource Sans Pro|on|||\u00a0\u00bb text_text_color=\u00a0\u00bb#666666&Prime; text_font_size=\u00a0\u00bb18&Prime; text_line_height=\u00a0\u00bb1.4em\u00a0\u00bb custom_margin=\u00a0\u00bb||8px|\u00a0\u00bb use_border_color=\u00a0\u00bboff\u00a0\u00bb border_color=\u00a0\u00bb#ffffff\u00a0\u00bb border_style=\u00a0\u00bbsolid\u00a0\u00bb]<a style=\"color: #666666;\" href=\"http:\/\/alliancefrancaise-haiti.org\/caphaitien\/cours-et-examens\/\">COURS ET EXAMENS<\/a><br \/>\n[\/et_pb_text][et_pb_text admin_label=\u00a0\u00bbText\u00a0\u00bb _builder_version=\u00a0\u00bb3.0.106&Prime; text_font=\u00a0\u00bbSource Sans Pro||||\u00a0\u00bb text_text_color=\u00a0\u00bb#ffffff\u00a0\u00bb text_font_size=\u00a0\u00bb16&Prime; text_line_height=\u00a0\u00bb2.2em\u00a0\u00bb custom_padding=\u00a0\u00bb0px|||\u00a0\u00bb use_border_color=\u00a0\u00bboff\u00a0\u00bb]<span style=\"color: #ffffff;\"><a style=\"color: #ffffff;\" href=\"http:\/\/alliancefrancaise-haiti.org\/jacmel2\/francais-generaux\/\">Fran\u00e7ais g\u00e9n\u00e9ral<\/a><\/span><br \/>\n<span style=\"color: #ffffff;\"><a style=\"color: #ffffff;\" href=\"http:\/\/alliancefrancaise-haiti.org\/jacmel2\/francais-specifique\/\">Fran\u00e7ais sp\u00e9cifique<\/a><\/span><br \/>\n<span style=\"color: #ffffff;\"><a style=\"color: #ffffff;\" href=\"http:\/\/alliancefrancaise-haiti.org\/jacmel2\/cours-de-creole\/\">Cr\u00e9ole<\/a><\/span><br \/>\n<span style=\"color: #ffffff;\"><a style=\"color: #ffffff;\" href=\"http:\/\/alliancefrancaise-haiti.org\/jacmel2\/cours-anglais\/\">Espagnol<\/a><\/span><br \/>\n<span style=\"color: #ffffff;\"><a style=\"color: #ffffff;\" href=\"http:\/\/alliancefrancaise-haiti.org\/jacmel2\/cours-informatique\/\">Informatique<\/a><\/span><br \/>\n<span style=\"color: #ffffff;\"><a style=\"color: #ffffff;\" href=\"http:\/\/alliancefrancaise-haiti.org\/jacmel2\/centre-examens\/\">Centre d&rsquo;examens<\/a><\/span><br \/>\n[\/et_pb_text][\/et_pb_column][et_pb_column type=\u00a0\u00bb1_4&Prime; _builder_version=\u00a0\u00bb3.0.47&Prime; column_padding_mobile=\u00a0\u00bbon\u00a0\u00bb parallax=\u00a0\u00bboff\u00a0\u00bb parallax_method=\u00a0\u00bboff\u00a0\u00bb][et_pb_text admin_label=\u00a0\u00bbText\u00a0\u00bb _builder_version=\u00a0\u00bb3.0.101&Prime; text_font=\u00a0\u00bbSource Sans Pro|on|||\u00a0\u00bb text_text_color=\u00a0\u00bb#666666&Prime; text_font_size=\u00a0\u00bb18&Prime; text_line_height=\u00a0\u00bb1.4em\u00a0\u00bb custom_margin=\u00a0\u00bb||8px|\u00a0\u00bb use_border_color=\u00a0\u00bboff\u00a0\u00bb border_color=\u00a0\u00bb#ffffff\u00a0\u00bb border_style=\u00a0\u00bbsolid\u00a0\u00bb]<a style=\"color: #666666;\" href=\"http:\/\/alliancefrancaise-haiti.org\/caphaitien\/activites-culturelles\/\">ACTIVIT\u00c9S CULTURELLES<\/a><br \/>\n[\/et_pb_text][et_pb_text admin_label=\u00a0\u00bbText\u00a0\u00bb _builder_version=\u00a0\u00bb3.0.101&Prime; text_font=\u00a0\u00bbSource Sans Pro||||\u00a0\u00bb text_text_color=\u00a0\u00bb#ffffff\u00a0\u00bb text_font_size=\u00a0\u00bb16&Prime; text_line_height=\u00a0\u00bb2.2em\u00a0\u00bb custom_padding=\u00a0\u00bb0px|||\u00a0\u00bb use_border_color=\u00a0\u00bboff\u00a0\u00bb]<span style=\"color: #ffffff;\"><a style=\"color: #ffffff;\" href=\"http:\/\/alliancefrancaise-haiti.org\/caphaitien\/activites-culturelles\/\">Programmation mensuelle<\/a><\/span><br \/>\n<span style=\"color: #ffffff;\"><a style=\"color: #ffffff;\" href=\"http:\/\/alliancefrancaise-haiti.org\/caphaitien\/cine-lari-a\/\">Cine Lari A<\/a><\/span><br \/>\n[\/et_pb_text][et_pb_divider show_divider=\u00a0\u00bboff\u00a0\u00bb height=\u00a0\u00bb10&Prime; disabled_on=\u00a0\u00bbon|on|off\u00a0\u00bb admin_label=\u00a0\u00bbDivider\u00a0\u00bb _builder_version=\u00a0\u00bb3.2&Prime; hide_on_mobile=\u00a0\u00bbon\u00a0\u00bb][\/et_pb_divider][et_pb_text admin_label=\u00a0\u00bbText\u00a0\u00bb _builder_version=\u00a0\u00bb3.0.101&Prime; text_font=\u00a0\u00bbSource Sans Pro|on|||\u00a0\u00bb text_text_color=\u00a0\u00bb#666666&Prime; text_font_size=\u00a0\u00bb18&Prime; text_line_height=\u00a0\u00bb1.4em\u00a0\u00bb custom_margin=\u00a0\u00bb||8px|\u00a0\u00bb use_border_color=\u00a0\u00bboff\u00a0\u00bb]<a style=\"color: #666666;\" href=\"http:\/\/alliancefrancaise-haiti.org\/caphaitien\/mediatheque\/\">M\u00c9DIATH\u00c8QUE<\/a><br \/>\n[\/et_pb_text][\/et_pb_column][et_pb_column type=\u00a0\u00bb1_4&Prime; _builder_version=\u00a0\u00bb3.0.47&Prime; column_padding_mobile=\u00a0\u00bbon\u00a0\u00bb parallax=\u00a0\u00bboff\u00a0\u00bb parallax_method=\u00a0\u00bbon\u00a0\u00bb][et_pb_text admin_label=\u00a0\u00bbText\u00a0\u00bb _builder_version=\u00a0\u00bb3.0.101&Prime; text_font=\u00a0\u00bbSource Sans Pro|on|||\u00a0\u00bb text_text_color=\u00a0\u00bb#666666&Prime; text_font_size=\u00a0\u00bb18&Prime; text_line_height=\u00a0\u00bb1.4em\u00a0\u00bb custom_margin=\u00a0\u00bb||8px|\u00a0\u00bb use_border_color=\u00a0\u00bboff\u00a0\u00bb border_color=\u00a0\u00bb#ffffff\u00a0\u00bb border_style=\u00a0\u00bbsolid\u00a0\u00bb]INFORMATIONS PRATIQUES<br \/>\n[\/et_pb_text][et_pb_text admin_label=\u00a0\u00bbText\u00a0\u00bb _builder_version=\u00a0\u00bb3.19.9&Prime; text_font=\u00a0\u00bbSource Sans Pro||||\u00a0\u00bb text_text_color=\u00a0\u00bb#ffffff\u00a0\u00bb text_font_size=\u00a0\u00bb16&Prime; text_line_height=\u00a0\u00bb2.2em\u00a0\u00bb custom_padding=\u00a0\u00bb0px|||\u00a0\u00bb use_border_color=\u00a0\u00bboff\u00a0\u00bb]<\/p>\n<div>Alliance Fran\u00e7aise de Jacmel<\/div>\n<div>BP 83, 37 avenue de la Libert\u00e9<\/div>\n<div>\u00a0\u00a0\u00a0 HT9110, Jacmel, Ha\u00efti<\/div>\n<div>(+509) 3626 0424<\/div>\n<div><a href=\"mailto:info.jacmel@alliancefrancaise-haiti.org\">info.jacmel@alliancefrancaise-haiti.org<\/a><\/div>\n<div>Pour le TEF, \u00e9crivez-nous \u00e0:<\/div>\n<div><a href=\"mailto:tef.facmel@alliancefrancaise-haiti.org\">tef.facmel@alliancefrancaise-haiti.org<\/a><\/div>\n<div><\/div>\n<p>[\/et_pb_text][et_pb_divider show_divider=\u00a0\u00bboff\u00a0\u00bb height=\u00a0\u00bb10&Prime; disabled_on=\u00a0\u00bbon|on|off\u00a0\u00bb admin_label=\u00a0\u00bbDivider\u00a0\u00bb _builder_version=\u00a0\u00bb3.2&Prime; hide_on_mobile=\u00a0\u00bbon\u00a0\u00bb][\/et_pb_divider][et_pb_text admin_label=\u00a0\u00bbText\u00a0\u00bb _builder_version=\u00a0\u00bb3.0.101&Prime; text_font=\u00a0\u00bbSource Sans Pro|on|||\u00a0\u00bb text_text_color=\u00a0\u00bb#666666&Prime; text_font_size=\u00a0\u00bb18&Prime; text_line_height=\u00a0\u00bb1.4em\u00a0\u00bb custom_margin=\u00a0\u00bb||8px|\u00a0\u00bb use_border_color=\u00a0\u00bboff\u00a0\u00bb border_color=\u00a0\u00bb#ffffff\u00a0\u00bb border_style=\u00a0\u00bbsolid\u00a0\u00bb]HEURES D&rsquo;OUVERTURE<br \/>\n[\/et_pb_text][et_pb_text admin_label=\u00a0\u00bbText\u00a0\u00bb _builder_version=\u00a0\u00bb3.0.101&Prime; text_font=\u00a0\u00bbSource Sans Pro||||\u00a0\u00bb text_text_color=\u00a0\u00bb#ffffff\u00a0\u00bb text_font_size=\u00a0\u00bb16&Prime; text_line_height=\u00a0\u00bb2.2em\u00a0\u00bb custom_padding=\u00a0\u00bb0px|||\u00a0\u00bb use_border_color=\u00a0\u00bboff\u00a0\u00bb border_color=\u00a0\u00bb#ffffff\u00a0\u00bb border_style=\u00a0\u00bbsolid\u00a0\u00bb]<\/p>\n<div><i class=\"fa fa-calendar\"><\/i> Mardi au vendredi de 08h30 \u00e0 17h30<\/div>\n<div>\u00a0\u00a0\u00a0\u00a0 Samedi de 08h30 \u00e0 17h00<\/div>\n<p>[\/et_pb_text][\/et_pb_column][\/et_pb_row][\/et_pb_section]<\/p>\n","protected":false},"excerpt":{"rendered":"<p>[et_pb_section fb_built=\u00a0\u00bb1&Prime; _builder_version=\u00a0\u00bb3.0.101&Prime; custom_padding=\u00a0\u00bb10px|||\u00a0\u00bb][et_pb_row custom_padding=\u00a0\u00bb||0px|\u00a0\u00bb _builder_version=\u00a0\u00bb3.0.101&Prime;][et_pb_column type=\u00a0\u00bb4_4&Prime; _builder_version=\u00a0\u00bb3.0.47&Prime; parallax=\u00a0\u00bboff\u00a0\u00bb parallax_method=\u00a0\u00bbon\u00a0\u00bb][et_pb_text _builder_version=\u00a0\u00bb3.0.101&Prime; text_font=\u00a0\u00bbEconomica|700||on|||||\u00a0\u00bb text_text_color=\u00a0\u00bb#d80000&Prime; text_font_size=\u00a0\u00bb50px\u00a0\u00bb]M\u00c9DIATH\u00c8QUE [\/et_pb_text][et_pb_text _builder_version=\u00a0\u00bb3.0.101&Prime; text_font=\u00a0\u00bbOpen Sans|700|||||||\u00a0\u00bb text_text_color=\u00a0\u00bb#d80000&Prime; text_font_size=\u00a0\u00bb15px\u00a0\u00bb custom_padding=\u00a0\u00bb10px||0px|\u00a0\u00bb]Une bilioth\u00e8que num\u00e9rique de qualit\u00e9 | La plateforme Cultureth\u00e8que | Comment adh\u00e9rer et emprunter |Pour plus d&rsquo;informations [\/et_pb_text][\/et_pb_column][\/et_pb_row][et_pb_row custom_padding=\u00a0\u00bb5px||0px|\u00a0\u00bb _builder_version=\u00a0\u00bb3.0.101&Prime;][et_pb_column type=\u00a0\u00bb4_4&Prime; _builder_version=\u00a0\u00bb3.0.47&Prime; parallax=\u00a0\u00bboff\u00a0\u00bb parallax_method=\u00a0\u00bbon\u00a0\u00bb][et_pb_image src=\u00a0\u00bbhttp:\/\/alliancefrancaise-haiti.org\/cap-haitien\/wp-content\/uploads\/2018\/03\/M\u00e9diath\u00e8que_Cover-2000&#215;693.jpg\u00a0\u00bb align=\u00a0\u00bbcenter\u00a0\u00bb _builder_version=\u00a0\u00bb3.0.101&Prime; border_width_all=\u00a0\u00bb1px\u00a0\u00bb border_color_all=\u00a0\u00bb#cccccc\u00a0\u00bb animation_style=\u00a0\u00bbzoom\u00a0\u00bb animation_duration=\u00a0\u00bb700ms\u00a0\u00bb][\/et_pb_image][\/et_pb_column][\/et_pb_row][et_pb_row custom_padding=\u00a0\u00bb20px|||\u00a0\u00bb _builder_version=\u00a0\u00bb3.0.101&Prime;][et_pb_column type=\u00a0\u00bb4_4&Prime; _builder_version=\u00a0\u00bb3.0.47&Prime; [&hellip;]<\/p>\n","protected":false},"author":1,"featured_media":0,"parent":0,"menu_order":0,"comment_status":"closed","ping_status":"closed","template":"","meta":{"_seopress_robots_primary_cat":"","_seopress_titles_title":"","_seopress_titles_desc":"","_seopress_robots_index":"","_et_pb_use_builder":"on","_et_pb_old_content":"","jetpack_post_was_ever_published":false,"footnotes":""},"class_list":["post-37","page","type-page","status-publish","hentry"],"jetpack_sharing_enabled":true,"jetpack_likes_enabled":false,"jetpack-related-posts":[],"jetpack_shortlink":"https:\/\/wp.me\/Pbmcu6-B","_links":{"self":[{"href":"https:\/\/www.alliancefrancaise-haiti.org\/jacmel\/wp-json\/wp\/v2\/pages\/37","targetHints":{"allow":["GET"]}}],"collection":[{"href":"https:\/\/www.alliancefrancaise-haiti.org\/jacmel\/wp-json\/wp\/v2\/pages"}],"about":[{"href":"https:\/\/www.alliancefrancaise-haiti.org\/jacmel\/wp-json\/wp\/v2\/types\/page"}],"author":[{"embeddable":true,"href":"https:\/\/www.alliancefrancaise-haiti.org\/jacmel\/wp-json\/wp\/v2\/users\/1"}],"replies":[{"embeddable":true,"href":"https:\/\/www.alliancefrancaise-haiti.org\/jacmel\/wp-json\/wp\/v2\/comments?post=37"}],"version-history":[{"count":7,"href":"https:\/\/www.alliancefrancaise-haiti.org\/jacmel\/wp-json\/wp\/v2\/pages\/37\/revisions"}],"predecessor-version":[{"id":5609,"href":"https:\/\/www.alliancefrancaise-haiti.org\/jacmel\/wp-json\/wp\/v2\/pages\/37\/revisions\/5609"}],"wp:attachment":[{"href":"https:\/\/www.alliancefrancaise-haiti.org\/jacmel\/wp-json\/wp\/v2\/media?parent=37"}],"curies":[{"name":"wp","href":"https:\/\/api.w.org\/{rel}","templated":true}]}}